What is the remainder when 1768 is divided by 29?
28
What is the remainder when 628 is divided by 164?
136
Calculate the remainder when 839 is divided by 30.
29
What is the remainder when 1404 is divided by 21?
18
What is the remainder when 140 is divided by 13?
10
Calculate the remainder when 23229 is divided by 24.
21
Calculate the remainder when 3121 is divided by 36.
25
Calculate the remainder when 648 is divided by 65.
63
What is the remainder when 74 is divided by 39?
35
Calculate the remainder when 50 is divided by 12.
2
What is the remainder when 283 is divided by 48?
43
Calculate the remainder when 12319 is divided by 176.
175
Calculate the remainder when 1039 is divided by 7.
3
Calculate the remainder when 53 is divided by 9.
8
Calculate the remainder when 59 is divided by 4.
3
What is the remainder when 306 is divided by 44?
42
What is the remainder when 50 is divided by 13?
11
Calculate the remainder when 2618 is divided by 131.
129
Calculate the remainder when 262 is divided by 6.
4
Calculate the remainder when 740 is divided by 256.
228
Calculate the remainder when 2660 is divided by 1305.
50
Calculate the remainder when 212 is divided by 209.
3
What is the remainder when 1308 is divided by 201?
102
What is the remainder when 207 is divided by 8?
7
What is the remainder when 51 is divided by 47?
4
Calculate the remainder when 19601 is divided by 54.
53
Calculate the remainder when 3778 is divided by 20.
18
Calculate the remainder when 87 is divided by 52.
35
What is the remainder when 274 is divided by 25?
24
Calculate the remainder when 168 is divided by 29.
23
What is the remainder when 406 is divided by 129?
19
Calculate the remainder when 239 is divided by 120.
119
Calculate the remainder when 607 is divided by 89.
73
What is the remainder when 11482 is divided by 99?
97
Calculate the remainder when 211 is divided by 36.
31
What is the remainder when 141 is divided by 27?
6
Calculate the remainder when 19889 is divided by 65.
64
What is the remainder when 880 is divided by 49?
47
Calculate the remainder when 70 is divided by 3.
1
What is the remainder when 799 is divided by 16?
15
Calculate the remainder when 9 is divided by 1.
0
Calculate the remainder when 237 is divided by 64.
45
Calculate the remainder when 49 is divided by 23.
3
What is the remainder when 878 is divided by 68?
62
What is the remainder when 191 is divided by 49?
44
Calculate the remainder when 756 is divided by 250.
6
Calculate the remainder when 140 is divided by 18.
14
What is the remainder when 55 is divided by 42?
13
Calculate the remainder when 397 is divided by 57.
55
Calculate the remainder when 463 is divided by 16.
15
Calculate the remainder when 1421 is divided by 446.
83
What is the remainder when 1211 is divided by 89?
54
What is the remainder when 2010 is divided by 496?
26
What is the remainder when 145 is divided by 34?
9
What is the remainder when 378 is divided by 38?
36
What is the remainder when 319 is divided by 82?
73
What is the remainder when 246 is divided by 64?
54
What is the remainder when 134707 is divided by 119?
118
Calculate the remainder when 2257 is divided by 20.
17
What is the remainder when 316 is divided by 14?
8
What is the remainder when 596 is divided by 12?
8
Calculate the remainder when 718 is divided by 12.
10
Calculate the remainder when 10 is divided by 5.
0
What is the remainder when 99 is divided by 59?
40
Calculate the remainder when 547 is divided by 29.
25
What is the remainder when 47 is divided by 12?
11
Calculate the remainder when 683 is divided by 49.
46
Calculate the remainder when 42 is divided by 18.
6
Calculate the remainder when 26309 is divided by 21.
17
Calculate the remainder when 66119 is divided by 228.
227
What is the remainder when 739 is divided by 57?
55
Calculate the remainder when 442 is divided by 62.
8
Calculate the remainder when 147 is divided by 52.
43
What is the remainder when 299 is divided by 20?
19
Calculate the remainder when 157 is divided by 27.
22
What is the remainder when 935 is divided by 466?
3
What is the remainder when 570 is divided by 5?
0
Calculate the remainder when 41 is divided by 32.
9
Calculate the remainder when 103 is divided by 23.
11
What is the remainder when 229 is divided by 106?
17
Calculate the remainder when 178 is divided by 62.
54
What is the remainder when 114 is divided by 17?
12
Calculate the remainder when 1398 is divided by 40.
38
Calculate the remainder when 867 is divided by 2.
1
What is the remainder when 536 is divided by 5?
1
Calculate the remainder when 1225 is divided by 247.
237
What is the remainder when 443 is divided by 140?
23
Calculate the remainder when 1758 is divided by 11.
9
Calculate the remainder when 1290 is divided by 638.
14
Calculate the remainder when 10981 is divided by 8.
5
What is the remainder when 710 is divided by 31?
28
What is the remainder when 2138 is divided by 10?
8
What is the remainder when 12538 is divided by 228?
226
Calculate the remainder when 1818 is divided by 28.
26
What is the remainder when 217 is divided by 66?
19
What is the remainder when 39 is divided by 22?
17
What is the remainder when 307 is divided by 148?
11
What is the remainder when 196 is divided by 39?
1
What is the remainder when 290 is divided by 104?
82
What is the remainder when 9999 is divided by 100?
99
What is the remainder when 275 is divided by 9?
5
What is the remainder when 272 is divided by 13?
12
What is the remainder when 2995 is divided by 37?
35
Calculate the remainder when 438 is divided by 3.
0
Calculate the remainder when 232 is divided by 50.
32
Calculate the remainder when 3380 is divided by 129.
26
What is the remainder when 136 is divided by 29?
20
What is the remainder when 215 is divided by 103?
9
Calculate the remainder when 1710 is divided by 66.
60
What is the remainder when 105 is divided by 53?
52
What is the remainder when 1414 is divided by 109?
106
What is the remainder when 6853 is divided by 23?
22
Calculate the remainder when 375 is divided by 48.
39
What is the remainder when 1299 is divided by 266?
235
Calculate the remainder when 5192 is divided by 1724.
20
Calculate the remainder when 8 is divided by 4.
0
What is the remainder when 636 is divided by 16?
12
What is the remainder when 680 is divided by 57?
53
Calculate the remainder when 617 is divided by 25.
17
What is the remainder when 1241 is divided by 138?
137
Calculate the remainder when 673 is divided by 75.
73
What is the remainder when 519 is divided by 222?
75
Calculate the remainder when 890 is divided by 47.
44
What is the remainder when 700 is divided by 233?
1
Calculate the remainder when 172 is divided by 44.
40
Calculate the remainder when 960 is divided by 430.
100
Calculate the remainder when 595 is divided by 207.
181
What is the remainder when 263 is divided by 83?
14
What is the remainder when 662 is divided by 2?
0
What is the remainder when 1088 is divided by 1062?
26
Calculate the remainder when 2768 is divided by 553.
3
What is the remainder when 137 is divided by 11?
5
Calculate the remainder when 171 is divided by 35.
31
What is the remainder when 253 is divided by 15?
13
What is the remainder when 21404 is divided by 48?
44
Calculate the remainder when 33741 is divided by 17.
13
Calculate the remainder when 1085 is divided by 156.
149
Calculate the remainder when 95 is divided by 4.
3
Calculate the remainder when 6150 is divided by 307.
10
What is the remainder when 7655 is divided by 29?
28
What is the remainder when 329 is divided by 260?
69
Calculate the remainder when 11033 is divided by 62.
59
Calculate the remainder when 341 is divided by 275.
66
What is the remainder when 105 is divided by 28?
21
What is the remainder when 183 is divided by 37?
35
Calculate the remainder when 425 is divided by 129.
38
What is the remainder when 347 is divided by 115?
2
Calculate the remainder when 164 is divided by 14.
10
Calculate the remainder when 156 is divided by 44.
24
Calculate the remainder when 1907 is divided by 420.
227
What is the remainder when 76 is divided by 40?
36
Calculate the remainder when 40 is divided by 35.
5
Calculate the remainder when 50 is divided by 37.
13
Calculate the remainder when 347 is di